 s(x)?
7
Let n(d) = d**3 + 7*d**2 + 9. Let u = -4 - -11. Suppose 0 = -2*q + 3*q + u. What is the units digit of n(q)?
9
Let w(f) be the second derivative of -f**3/6 + 18*f**2 + 8*f. What is the units digit of w(-17)?
3
Suppose 3*v + 42 + 27 = 0. Let c = 32 + v. Let i = c - -9. What is the tens digit of i?
1
Let c(r) = 2*r + 6 - 1 + 0 - 3. Suppose 3*l - 9 + 3 = 0. What is the units digit of c(l)?
6
Let z = 98 - 98. Suppose 2*b - 2*g = 42, -2*b = -z*b - 3*g - 47. What is the tens digit of b?
1
Suppose 2*g + 4*c = 22, -4*c + 17 = 5*g - 14. Suppose 3*i - 147 = -2*i + 3*j, -i = g*j - 15. What is the tens digit of i?
2
Let o = 2837 + -1866. What is the hundreds digit of o?
9
Let r be (-105)/(-10)*(-6)/9. Let w(z) = -4*z - 6. What is the tens digit of w(r)?
2
Suppose 774 + 1463 = d - 3*w, -3*w = 2*d - 4519. What is the thousands digit of d?
2
Suppose 0 = -3*a - 218 - 13. Let v = -28 - a. What is the units digit of v?
9
Suppose 25*p - 15 = 20*p. Suppose -p*z = k - 146, 3*k - 3*z - 414 = -0*z. What is the hundreds digit of k?
1
Let j = -10 + 10. Let x be (2 - 5)*(j - -1). What is the tens digit of x/(-7) + 285/21?
1
What is the units digit of ((-18)/(-12) + -3)/((-6)/1988)?
7
Let h(x) = 3*x**2 - 5*x + 2. Let u(d) = 4*d - 7. Let r be u(4). Suppose -r*a + 13*a = 16. What is the units digit of h(a)?
0
Let z be (-15)/(-30) - 3/(-2). Suppose 4*j = 6*m - 5*m - 127, 0 = 4*m - z*j - 452. What is the tens digit of m?
1
Let y = 5573 + -3418. What is the thousands digit of y?
2
Let g(y) = y**2 - 45*y - 67. What is the hundreds digit of g(-38)?
0
Let k be 8/44 + 175/(-55). What is the units digit of (k/2)/(-1)*(6 - 4)?
3
Let i(f) = -30 - 3*f + 28 - 8*f. What is the tens digit of i(-9)?
9
Suppose -2*g = -0*g + i - 20, 0 = i + 2. Suppose -2*x = -g + 1. Let o(s) = s**3 - 3*s**2 - 5*s - 7. What is the tens digit of o(x)?
1
Let q be (2 - 2)*(2 + -1). Suppose -4*s - 20 = q, 4*r - 5*s = 1 + 64. Let t = r - 7. What is the units digit of t?
3
Let y(d) = 231*d**2 + 29*d + 131. What is the thousands digit of y(-4)?
3
Let q = 7352 + -1459. What is the tens digit of q?
9
Let x(w) = -182*w + 4. What is the tens digit of x(-2)?
6
Let o = 284 - 114. What is the tens digit of o?
7
Let b(i) = 4*i**2 + 11*i - 5*i**2 - 3*i - 3. Suppose -7 = -p - 2. What is the units digit of b(p)?
2
Suppose 0 = 5*r + 5*y - 2280, -13 = -5*y + 12. What is the tens digit of r?
5
Let a(n) = -48*n**3 - 2*n**2 - n + 1. What is the tens digit of a(-1)?
4
Suppose 0 = 3*y + 5*h - 9336, -66 = -3*h - 57. What is the units digit of y?
7
Suppose -6767 = 30*h - 33*h + 2*r, -3*h = r - 6755. What is the thousands digit of h?
2
Let r(d) = -38*d**3 - d - 2. Suppose 0 = -5*h - 15 - 45. Let f = h - -11. What is the tens digit of r(f)?
3
Let h = 60 - -63. What is the hundreds digit of h?
1
Let i(p) = 3*p**2 - 10*p + 19. Let g be 7*2/(-2) + 3. Let k(b) = 5*b**2 - 21*b + 37. Let t(a) = g*k(a) + 7*i(a). What is the tens digit of t(-16)?
1
Let y(g) = -g**3 - 16*g**2 - 2*g + 36. Let f be y(-17). Let q = -125 + f. What is the tens digit of q?
3
Let j = 23 - 37. Let k = j - -43. Suppose -2*y - 10 = 0, 0 = 3*o - 5*y - 11 - k. What is the units digit of o?
5
Suppose -p = -260 - 1. What is the units digit of p?
1
Suppose 1856 = -2*l + 4*l. What is the hundreds digit of l?
9
Let w(m) = 4*m**3 + 4*m**2 - m - 5. Let i be w(3). What is the units digit of 2/3*-1 + i/6?
2
Suppose n + v - 21 = -n, -n + 5 = -5*v. Suppose 2*w + 976 = n*w. What is the units digit of w?
2
What is the thousands digit of (-11280)/8*(-4)/3 + 5?
1
Let o(c) = c**2 - c - 11. Let a be o(9). Suppose 0 = -m + 3*s + 2, -m - 2*m + a = 2*s. What is the units digit of m?
7
Suppose -259 = -6*a + 239. Suppose -a - 59 = -2*w. What is the tens digit of w?
7
Let z = -1256 + 4162. What is the units digit of z?
6
Suppose 3*c = -25*c + 364. Let m(j) be the first derivative of -j**4/4 + 4*j**3 + 7*j**2 + 12*j + 1. What is the tens digit of m(c)?
2
Let t(y) be the first derivative of 15*y**4/4 - y**3/6 - 7*y + 8. Let b(k) be the first derivative of t(k). What is the units digit of b(-1)?
6
Suppose -5*q + 9 = 4. What is the units digit of (404/10)/(q/5) - -2?
4
Suppose -v + 14 = -4*y - 0, 0 = 5*v - 4*y - 6. Let r = 90 - v. Suppose r = f + 3*f. What is the tens digit of f?
2
Let h = -5025 + 8660. What is the thousands digit of h?
3
What is the hundreds digit of (5 + 15/(-12))/((-9)/(-912))?
3
Suppose 0 = -3*m + 2*o - 0*o + 11848, -5*m - 3*o = -19753. What is the tens digit of m?
5
Suppose -f = -5*a + 16 - 1, -3*a + 27 = 3*f. Suppose -v = -3*z - f*v + 287, -z = v - 94. What is the units digit of z?
9
Let u = 123 - 119. Suppose -u*t + 182 = r, -2*t = 4*r + r - 910. What is the tens digit of r?
8
Let b = -18 - -27. Suppose b*u + 156 = 13*u. What is the tens digit of u?
3
Let s(a) = 3 - 8*a + 2*a - 5 + 0. Let t be s(-1). Suppose -2*d + 48 = t*g, 2*g + 70 = 5*d - 62. What is the units digit of d?
6
Suppose -26*k = -33360 + 14042. What is the hundreds digit of k?
7
Let i(m) be the first derivative of -m**4/4 - 10*m**3/3 - 5*m**2/2 - 9*m + 4. Let g = -40 + 30. What is the tens digit of i(g)?
4
Let y be (-34)/6 + 4/6. Let o(i) = -i**2 - 14*i + 10. What is the units digit of o(y)?
5
What is the hundreds digit of (2195/15)/(7/42)?
8
Let r(y) = -6*y**2 - y. Let b be r(1). Let o(u) = 0*u + 3*u + 2*u + 9 - 4*u. What is the units digit of o(b)?
2
Let s be (0*2/4)/(42/(-14)). Suppose -4*h + 20 = 0, -y + 34 = -s*y + 3*h. What is the units digit of y?
9
What is the hundreds digit of 1/(-3) - 1288/(-12)?
1
Suppose 6*m - 2*m - 31 = -3*t, -3*t - 3*m = -27. What is the tens digit of ((-2)/8)/((5/(-148))/t)?
3
Suppose 10 = 4*f + 2. Suppose f*b - 429 = -47. What is the hundreds digit of b?
1
Suppose -y - 2*q + 1390 = 0, -2*y - 4*q = -y - 1388. What is the thousands digit of y?
1
Let y(x) = 9*x + 12. Let o be y(-5). Let w = 91 + o. What is the units digit of w/(-4)*(3 + -7)?
8
Let j = -598 - -1237. What is the units digit of j?
9
Suppose 0 = -a + 20 + 40. Suppose t = -t + a. What is the tens digit of t?
3
Suppose -3*r - 4*c - 471 = 0, -5*r + 6*c = 2*c + 785. Let s = r + 235. Let v = s + -44. What is the tens digit of v?
3
Let r(y) = 230*y - 32. What is the hundreds digit of r(4)?
8
Let b = 2628 + 794. What is the units digit of b?
2
Let n be 3/4 + (-1618)/(-8). Suppose -q = 2 - n. What is the hundreds digit of q?
2
Let z(h) = h**2 - 6*h + 1. Suppose -j - 1 = -3*b, 0*b = -b + 2. Let l be z(j). What is the units digit of l - ((-4 - -2) + -13)?
1
Let t be (-7 + 9)*(-1)/(-1). Suppose -1 + 53 = t*x. What is the units digit of x?
6
Suppose 9 + 1 = 5*a, 5*a - 1090 = -3*x. Suppose 0 = -5*u + u + x. Suppose -5*v = -8*v + u. What is the tens digit of v?
3
Let h = -1318 + 2004. Let p = -369 + h. What is the tens digit of p?
1
Suppose -13 = -5*q + 12. Suppose -5*r = q*u - 20, 4*r - 1 + 0 = -u. What is the units digit of u?
5
Suppose -209 = -j - x, 3*j + 4*x - 1048 = -2*j. What is the units digit of j?
2
Let h = -338 - -615. What is the units digit of h?
7
Let b(p) = 21*p - 2. Let z be b(1). Let x = 25 + z. What is the tens digit of x?
4
Let q = 382 + -128. What is the hundreds digit of q?
2
Suppose r = -4*u + 1701, -940 = -r + 3*u + 726. What is the units digit of r?
1
Let l(v) = v**2 + 8*v - 7. Let j be l(-9). Suppose -2*u - 2*w + 354 = j*u, -5 = 5*w. What is the units digit of u?
9
Let w(b) = b**3 - 5*b**2 + 7*b - 5. Let a be w(5). Let u = -17 + 2. Let h = u + a. What is the tens digit of h?
1
Suppose 0 = -2*c - 4*f, 5 + 0 = -2*c - 3*f. Let i(x) = -13*x - x**2 + 8*x - 12 - 10*x. What is the units digit of i(c)?
8
Suppose 2*s = 3*s - 2*w + 88, -261 = 3*s - 5*w. Let o = 234 + s. What is the hundreds digit of o?
1
Suppose y - 2 = 4. Suppose y = 7*u - 5*u. Suppose -4*m - u*n + 217 = -6*n, n - 1 = 0. What is the tens digit of m?
5
Let z = -70 + 78. Suppose p - 461 = -4*s, 452 = -4*s + z*s + 4*p. What is the units digit of s?
6
Suppose -5 = 5*r - 20. Suppose 0 = -5*b - 2*v + 626 + 262, b - 175 = -r*v. What is the units digit of b?
8
Let a be (-2)/(-4) - (-9)/(-2). What is the units digit of a*(63/4)/(-3)?
1
Let q(f) = 43*f**2 - 16*f + 43. What is the tens digit of q(4)?
6
Let v(p) be the first derivative of p**2/2 - 6*p + 3. Let g be v(4). What is the tens digit of 22/2*(g + 4)?
2
Let n be (-5 - -2) + (-6)/(-2). Supp